{"id":135,"date":"2023-04-11T17:53:01","date_gmt":"2023-04-11T17:53:01","guid":{"rendered":"https:\/\/ambouagadougou.esteri.it\/chi-siamo\/lambasciatore\/"},"modified":"2023-11-29T14:09:50","modified_gmt":"2023-11-29T14:09:50","slug":"lambasciatore","status":"publish","type":"page","link":"https:\/\/ambouagadougou.esteri.it\/fr\/chi-siamo\/lambasciatore\/","title":{"rendered":"L&rsquo;ambassadeur"},"content":{"rendered":"<p>&nbsp;<\/p>\n<p><em>Gabriele DI MUZIO<\/em><\/p>\n<p><em>N\u00e9 \u00e0 Popoli (Pescara) le 4 avril 1964. Il est dipl\u00f4m\u00e9 en Sciences Politiques option Politique Internationale \u00e0 l\u2019Universit\u00e9 \u00ab\u00a0La Sapienza\u00a0\u00bb de Rome.<\/em><\/p>\n<p><em>A l\u2019issue d\u2019un concours, il d\u00e9bute sa carri\u00e8re diplomatique le 18 mai 1993.<\/em><\/p>\n<p><em>Apr\u00e8s une p\u00e9riode pass\u00e9e au Minist\u00e8re au Bureau Nations Unies \u00e0 la Direction G\u00e9n\u00e9rale pour la Coop\u00e9ration au D\u00e9veloppement, en juillet 1996 il est Deuxi\u00e8me Secr\u00e9taire aupr\u00e8s de la Repr\u00e9sentation Permanente de l\u2019Italie aux Nations unies \u00e0 Vienne (Autriche).<\/em><\/p>\n<p><em>Par la suite, le 8 juillet 2000, il est nomm\u00e9 Premier Secr\u00e9taire Commercial avec les fonctions d\u2019Adjoint au Chef de Mission aupr\u00e8s de l\u2019Ambassade d\u2019Italie \u00e0 Kampala en Ouganda, avec juridiction au Rwanda et au Burundi.<\/em><\/p>\n<p><em>Il est promu Conseiller de L\u00e9gation, puis en octobre 2003, il est nomm\u00e9 Chef de Bureau Afrique \u00e0 la Direction G\u00e9n\u00e9rale pour la Coop\u00e9ration au d\u00e9veloppement pr\u00e8s le Minist\u00e8re des Affaires \u00c9trang\u00e8res \u00e0 Rome, avec juridiction sur toute l\u2019Afrique Subsaharienne. <\/em><\/p>\n<p><em>Le 15 octobre 2007, il prend ses fonctions \u00e0 l\u2019Ambassade d\u2019Italie \u00e0 Maputo (Mozambique) en qualit\u00e9 d\u2019Adjoint au Chef de Mission, avec juridiction aussi sur le Swaziland.<\/em><\/p>\n<p><em>Il est promu au grade de Conseiller d\u2019Ambassade le 2 juillet 2009.<\/em><\/p>\n<p><em>Le 1er f\u00e9vrier 2012, il devient Consul General \u00e0 Johannesburg (Afrique du Sud).<\/em><\/p>\n<p><em>De retour au Minist\u00e8re \u00e0 Rome, le 9 mai 2016, il dirige le Bureau de la Direction G\u00e9n\u00e9rale pour la Promotion du Syst\u00e8me Pays qui g\u00e8re le r\u00e9seau des 84 Instituts Italiens de Culture dans le monde, tant sur le plan technico-administratif que celui de la programmation culturelle.<\/em><\/p>\n<p><em>Depuis le 29 octobre 2018, il est Ambassadeur \u00e0 Libreville (Gabon).<\/em><\/p>\n<p><em>Depuis le 18 septembre 2023, il est Ambassadeur \u00e0 Ouagadougou (Burkina Faso).<\/em><\/p>\n","protected":false},"excerpt":{"rendered":"&nbsp; Gabriele DI MUZIO N\u00e9 \u00e0 Popoli (Pescara) le 4 avril 1964. Il est dipl\u00f4m\u00e9 en Sciences Politiques option Politique Internationale \u00e0 l\u2019Universit\u00e9 \u00ab\u00a0La Sapienza\u00a0\u00bb de Rome. A l\u2019issue d\u2019un concours, il d\u00e9bute sa carri\u00e8re diplomatique le 18 mai 1993. Apr\u00e8s une p\u00e9riode pass\u00e9e au Minist\u00e8re au Bureau Nations Unies \u00e0 la Direction G\u00e9n\u00e9rale pour [&hellip;]","protected":false},"author":1,"featured_media":0,"parent":134,"menu_order":0,"comment_status":"closed","ping_status":"closed","template":"","meta":{"footnotes":""},"class_list":["post-135","page","type-page","status-publish","hentry"],"_links":{"self":[{"href":"https:\/\/ambouagadougou.esteri.it\/fr\/wp-json\/wp\/v2\/pages\/135","targetHints":{"allow":["GET"]}}],"collection":[{"href":"https:\/\/ambouagadougou.esteri.it\/fr\/wp-json\/wp\/v2\/pages"}],"about":[{"href":"https:\/\/ambouagadougou.esteri.it\/fr\/wp-json\/wp\/v2\/types\/page"}],"author":[{"embeddable":true,"href":"https:\/\/ambouagadougou.esteri.it\/fr\/wp-json\/wp\/v2\/users\/1"}],"replies":[{"embeddable":true,"href":"https:\/\/ambouagadougou.esteri.it\/fr\/wp-json\/wp\/v2\/comments?post=135"}],"version-history":[{"count":4,"href":"https:\/\/ambouagadougou.esteri.it\/fr\/wp-json\/wp\/v2\/pages\/135\/revisions"}],"predecessor-version":[{"id":410,"href":"https:\/\/ambouagadougou.esteri.it\/fr\/wp-json\/wp\/v2\/pages\/135\/revisions\/410"}],"up":[{"embeddable":true,"href":"https:\/\/ambouagadougou.esteri.it\/fr\/wp-json\/wp\/v2\/pages\/134"}],"wp:attachment":[{"href":"https:\/\/ambouagadougou.esteri.it\/fr\/wp-json\/wp\/v2\/media?parent=135"}],"curies":[{"name":"wp","href":"https:\/\/api.w.org\/{rel}","templated":true}]}}

<p>&nbsp;</p>
<p><em>Gabriele DI MUZIO</em></p>
<p><em>Né à Popoli (Pescara) le 4 avril 1964. Il est diplômé en Sciences Politiques option Politique Internationale à l’Université « La Sapienza » de Rome.</em></p>
<p><em>A l’issue d’un concours, il débute sa carrière diplomatique le 18 mai 1993.</em></p>
<p><em>Après une période passée au Ministère au Bureau Nations Unies à la Direction Générale pour la Coopération au Développement, en juillet 1996 il est Deuxième Secrétaire auprès de la Représentation Permanente de l’Italie aux Nations unies à Vienne (Autriche).</em></p>
<p><em>Par la suite, le 8 juillet 2000, il est nommé Premier Secrétaire Commercial avec les fonctions d’Adjoint au Chef de Mission auprès de l’Ambassade d’Italie à Kampala en Ouganda, avec juridiction au Rwanda et au Burundi.</em></p>
<p><em>Il est promu Conseiller de Légation, puis en octobre 2003, il est nommé Chef de Bureau Afrique à la Direction Générale pour la Coopération au développement près le Ministère des Affaires Étrangères à Rome, avec juridiction sur toute l’Afrique Subsaharienne. </em></p>
<p><em>Le 15 octobre 2007, il prend ses fonctions à l’Ambassade d’Italie à Maputo (Mozambique) en qualité d’Adjoint au Chef de Mission, avec juridiction aussi sur le Swaziland.</em></p>
<p><em>Il est promu au grade de Conseiller d’Ambassade le 2 juillet 2009.</em></p>
<p><em>Le 1er février 2012, il devient Consul General à Johannesburg (Afrique du Sud).</em></p>
<p><em>De retour au Ministère à Rome, le 9 mai 2016, il dirige le Bureau de la Direction Générale pour la Promotion du Système Pays qui gère le réseau des 84 Instituts Italiens de Culture dans le monde, tant sur le plan technico-administratif que celui de la programmation culturelle.</em></p>
<p><em>Depuis le 29 octobre 2018, il est Ambassadeur à Libreville (Gabon).</em></p>
<p><em>Depuis le 18 septembre 2023, il est Ambassadeur à Ouagadougou (Burkina Faso).</em></p>

&nbsp; Gabriele DI MUZIO Né à Popoli (Pescara) le 4 avril 1964. Il est diplômé en Sciences Politiques option Politique Internationale à l’Université « La Sapienza » de Rome. A l’issue d’un concours, il débute sa carrière diplomatique le 18 mai 1993. Après une période passée au Ministère au Bureau Nations Unies à la Direction Générale pour [&hellip;]
